{"id":53992,"date":"2022-01-18T10:17:02","date_gmt":"2022-01-18T09:17:02","guid":{"rendered":"https:\/\/biooekonomie.uni-greifswald.de\/?post_type=mec-events&#038;p=53992"},"modified":"2022-01-18T10:17:02","modified_gmt":"2022-01-18T09:17:02","slug":"konferenz-moorschutz-ist-klimaschutz","status":"publish","type":"mec-events","link":"https:\/\/biooekonomie.uni-greifswald.de\/en\/events\/konferenz-moorschutz-ist-klimaschutz\/","title":{"rendered":"Konferenz &#8222;Moorschutz ist Klimaschutz&#8220;"},"content":{"rendered":"<p><span style=\"color: #7bb555;\"><strong>Konferenz &#8222;Moorschutz ist Klimaschutz&#8220;\u00a0<\/strong><\/span><\/p>\n<p>Das Greifswald Moor Centrum (GMC) und der Deutsche Verband f\u00fcr Landschaftspflege (DVL) laden herzlich zur Konferenz &#8222;Moorschutz ist Klimaschutz&#8220; am 28. M\u00e4rz 2022 in Berlin ein.<\/p>\n<p>Das gemeinsame Projekt &#8222;MoKli- Moor- und Klimaschutz mit Landnutzern realisieren&#8220; von GMC und DVL stellt auf der Konferenz vielf\u00e4ltige L\u00f6sungsans\u00e4tze anhand von Praxisbeispielen vor. Das Programm beinhaltet auch eine Diskussion dar\u00fcber, wie diese in den n\u00e4chsten Jahren als Teil der Klimaschutz-Strategien auf verschiedenen Ebenen zu einer gro\u00dffl\u00e4chigen, beschleunigten und praxisorientierten Anwendung kommen k\u00f6nnen. Auf dem Podium sitzen u.a. Steffi Lemke, Bundesministerin f\u00fcr Umwelt, Naturschutz, nukleare Sicherheit und Verbraucherschutz (BMUV) und Cem \u00d6zdemir, Bundesminister f\u00fcr Ern\u00e4hrung und Landwirtschaft (BMEL, angefragt).<\/p>\n<p>Weitere Informationen sowie den Link zur Anmeldung finden Sie <a href=\"https:\/\/www.moorwissen.de\/de\/paludikultur\/projekte\/mokli\/konferenz.php\" target=\"_blank\" rel=\"noopener noreferrer\">here<\/a>.<\/p>","protected":false},"excerpt":{"rendered":"<p>Das Greifswald Moor Centrum (GMC) und der Deutsche Verband f\u00fcr Landschaftspflege (DVL) laden herzlich zur Konferenz &#8222;Moorschutz ist Klimaschutz&#8220; am 28. M\u00e4rz 2022 in Berlin ein.\u00a0Das gemeinsame Projekt &#8222;MoKli- Moor- und Klimaschutz mit Landnutzern realisieren&#8220; von GMC und DVL stellt auf der Konferenz vielf\u00e4ltige L\u00f6sungsans\u00e4tze anhand von Praxisbeispielen vor.<\/p>","protected":false},"author":5,"featured_media":0,"comment_status":"closed","ping_status":"closed","template":"","tags":[],"mec_category":[],"mec_speaker":[],"class_list":["post-53992","mec-events","type-mec-events","status-publish","hentry","description-off"],"_links":{"self":[{"href":"https:\/\/biooekonomie.uni-greifswald.de\/en\/wp-json\/wp\/v2\/mec-events\/53992","targetHints":{"allow":["GET"]}}],"collection":[{"href":"https:\/\/biooekonomie.uni-greifswald.de\/en\/wp-json\/wp\/v2\/mec-events"}],"about":[{"href":"https:\/\/biooekonomie.uni-greifswald.de\/en\/wp-json\/wp\/v2\/types\/mec-events"}],"author":[{"embeddable":true,"href":"https:\/\/biooekonomie.uni-greifswald.de\/en\/wp-json\/wp\/v2\/users\/5"}],"replies":[{"embeddable":true,"href":"https:\/\/biooekonomie.uni-greifswald.de\/en\/wp-json\/wp\/v2\/comments?post=53992"}],"wp:attachment":[{"href":"https:\/\/biooekonomie.uni-greifswald.de\/en\/wp-json\/wp\/v2\/media?parent=53992"}],"wp:term":[{"taxonomy":"post_tag","embeddable":true,"href":"https:\/\/biooekonomie.uni-greifswald.de\/en\/wp-json\/wp\/v2\/tags?post=53992"},{"taxonomy":"mec_category","embeddable":true,"href":"https:\/\/biooekonomie.uni-greifswald.de\/en\/wp-json\/wp\/v2\/mec_category?post=53992"},{"taxonomy":"mec_speaker","embeddable":true,"href":"https:\/\/biooekonomie.uni-greifswald.de\/en\/wp-json\/wp\/v2\/mec_speaker?post=53992"}],"curies":[{"name":"wp","href":"https:\/\/api.w.org\/{rel}","templated":true}]}}

<p><span style="color: #7bb555;"><strong>Konferenz &#8222;Moorschutz ist Klimaschutz&#8220; </strong></span></p>
<p>Das Greifswald Moor Centrum (GMC) und der Deutsche Verband für Landschaftspflege (DVL) laden herzlich zur Konferenz &#8222;Moorschutz ist Klimaschutz&#8220; am 28. März 2022 in Berlin ein.</p>
<p>Das gemeinsame Projekt &#8222;MoKli- Moor- und Klimaschutz mit Landnutzern realisieren&#8220; von GMC und DVL stellt auf der Konferenz vielfältige Lösungsansätze anhand von Praxisbeispielen vor. Das Programm beinhaltet auch eine Diskussion darüber, wie diese in den nächsten Jahren als Teil der Klimaschutz-Strategien auf verschiedenen Ebenen zu einer großflächigen, beschleunigten und praxisorientierten Anwendung kommen können. Auf dem Podium sitzen u.a. Steffi Lemke, Bundesministerin für Umwelt, Naturschutz, nukleare Sicherheit und Verbraucherschutz (BMUV) und Cem Özdemir, Bundesminister für Ernährung und Landwirtschaft (BMEL, angefragt).</p>
<p>Weitere Informationen sowie den Link zur Anmeldung finden Sie <a href="https://www.moorwissen.de/de/paludikultur/projekte/mokli/konferenz.php" target="_blank" rel="noopener noreferrer">here</a>.</p>

<p>Das Greifswald Moor Centrum (GMC) und der Deutsche Verband für Landschaftspflege (DVL) laden herzlich zur Konferenz &#8222;Moorschutz ist Klimaschutz&#8220; am 28. März 2022 in Berlin ein. Das gemeinsame Projekt &#8222;MoKli- Moor- und Klimaschutz mit Landnutzern realisieren&#8220; von GMC und DVL stellt auf der Konferenz vielfältige Lösungsansätze anhand von Praxisbeispielen vor.</p>
