{"id":56604,"date":"2025-12-22T16:48:26","date_gmt":"2025-12-22T15:48:26","guid":{"rendered":"https:\/\/biooekonomie.uni-greifswald.de\/?post_type=mec-events&#038;p=56604"},"modified":"2025-12-22T16:48:26","modified_gmt":"2025-12-22T15:48:26","slug":"webinar-praesentation-der-studie-die-zukunft-von-landnutzung-und-ernaehrung-in-deutschland","status":"publish","type":"mec-events","link":"https:\/\/biooekonomie.uni-greifswald.de\/en\/events\/webinar-praesentation-der-studie-die-zukunft-von-landnutzung-und-ernaehrung-in-deutschland\/","title":{"rendered":"Webinar: Pr\u00e4sentation der Studie \u201eDie Zukunft von Landnutzung und Ern\u00e4hrung in Deutschland\u201c"},"content":{"rendered":"<p>Der Thinktank Agora Agrar l\u00e4dt zum Webinar: Pr\u00e4sentation der Studie \u201eDie Zukunft von Landnutzung und Ern\u00e4hrung in Deutschland\u201c ein.<\/p>\n<p><span style=\"background-color: #ffffff; color: #0000ff;\"><strong>14. Januar 2026 | 14:00\u201315:30 Uhr | Webinar<\/strong><\/span><\/p>\n<p><span style=\"color: #0000ff;\"><strong>Anmeldung:<\/strong><\/span> https:\/\/agora-thinktanks-org.zoom.us\/webinar\/register\/WN_wcjTTCOiQ7y-hvpgWTaZwQ#\/registration<\/p>\n<p><span style=\"color: #0000ff;\"><strong>Worum es bei der Veranstaltung geht<\/strong>:<\/span><\/p>\n<p>Welche Politik braucht es, um Wettbewerbsf\u00e4higkeit und Nachhaltigkeit in der Land- und Forstwirtschaft besser zu vereinbaren?<strong><br \/>\n<\/strong><br \/>\nDer Thinktank Agora Agrar diskutiert in seiner neuen Studie \u201eDie Zukunft von Landnutzung und Ern\u00e4hrung in Deutschland\u201c, welche politischen Handlungsoptionen es braucht, damit Land- und Forstwirtschaft produktiv und wettbewerbsf\u00e4hig sind \u2013 und zugleich deutlich mehr als heute zum Schutz von Klima und Biodiversit\u00e4t sowie zum Tierwohl beitragen k\u00f6nnen. Zudem skizziert und quantifiziert die Studie das Potenzial der Sektoren zu Deutschlands Klimaneutralit\u00e4tsziel 2045 sowie zu Ern\u00e4hrungssicherheit und einer nachhaltigen Bio\u00f6konomie beizutragen.<\/p>\n<p><em><strong>Leiten Sie diese Einladung gerne weiter.<\/strong><\/em><\/p>","protected":false},"excerpt":{"rendered":"<p>Der Thinktank Agora Agrar l\u00e4dt zum Webinar: Pr\u00e4sentation der Studie \u201eDie Zukunft von Landnutzung und Ern\u00e4hrung in Deutschland\u201c ein. 14. Januar 2026 | 14:00\u201315:30 Uhr | Webinar Anmeldung: https:\/\/agora-thinktanks-org.zoom.us\/webinar\/register\/WN_wcjTTCOiQ7y-hvpgWTaZwQ#\/registration Worum es bei der Veranstaltung geht: Welche Politik braucht es, um Wettbewerbsf\u00e4higkeit und Nachhaltigkeit in der Land- und Forstwirtschaft besser zu vereinbaren? Der Thinktank Agora Agrar&hellip;<\/p>","protected":false},"author":13,"featured_media":0,"comment_status":"closed","ping_status":"closed","template":"","tags":[],"mec_category":[],"mec_speaker":[],"class_list":["post-56604","mec-events","type-mec-events","status-publish","hentry","description-off"],"_links":{"self":[{"href":"https:\/\/biooekonomie.uni-greifswald.de\/en\/wp-json\/wp\/v2\/mec-events\/56604","targetHints":{"allow":["GET"]}}],"collection":[{"href":"https:\/\/biooekonomie.uni-greifswald.de\/en\/wp-json\/wp\/v2\/mec-events"}],"about":[{"href":"https:\/\/biooekonomie.uni-greifswald.de\/en\/wp-json\/wp\/v2\/types\/mec-events"}],"author":[{"embeddable":true,"href":"https:\/\/biooekonomie.uni-greifswald.de\/en\/wp-json\/wp\/v2\/users\/13"}],"replies":[{"embeddable":true,"href":"https:\/\/biooekonomie.uni-greifswald.de\/en\/wp-json\/wp\/v2\/comments?post=56604"}],"wp:attachment":[{"href":"https:\/\/biooekonomie.uni-greifswald.de\/en\/wp-json\/wp\/v2\/media?parent=56604"}],"wp:term":[{"taxonomy":"post_tag","embeddable":true,"href":"https:\/\/biooekonomie.uni-greifswald.de\/en\/wp-json\/wp\/v2\/tags?post=56604"},{"taxonomy":"mec_category","embeddable":true,"href":"https:\/\/biooekonomie.uni-greifswald.de\/en\/wp-json\/wp\/v2\/mec_category?post=56604"},{"taxonomy":"mec_speaker","embeddable":true,"href":"https:\/\/biooekonomie.uni-greifswald.de\/en\/wp-json\/wp\/v2\/mec_speaker?post=56604"}],"curies":[{"name":"wp","href":"https:\/\/api.w.org\/{rel}","templated":true}]}}

Webinar: Präsentation der Studie „Die Zukunft von Landnutzung und Ernährung in Deutschland“

<p>Der Thinktank Agora Agrar lädt zum Webinar: Präsentation der Studie „Die Zukunft von Landnutzung und Ernährung in Deutschland“ ein.</p>
<p><span style="background-color: #ffffff; color: #0000ff;"><strong>14. Januar 2026 | 14:00–15:30 Uhr | Webinar</strong></span></p>
<p><span style="color: #0000ff;"><strong>Anmeldung:</strong></span> https://agora-thinktanks-org.zoom.us/webinar/register/WN_wcjTTCOiQ7y-hvpgWTaZwQ#/registration</p>
<p><span style="color: #0000ff;"><strong>Worum es bei der Veranstaltung geht</strong>:</span></p>
<p>Welche Politik braucht es, um Wettbewerbsfähigkeit und Nachhaltigkeit in der Land- und Forstwirtschaft besser zu vereinbaren?<strong><br />
</strong><br />
Der Thinktank Agora Agrar diskutiert in seiner neuen Studie „Die Zukunft von Landnutzung und Ernährung in Deutschland“, welche politischen Handlungsoptionen es braucht, damit Land- und Forstwirtschaft produktiv und wettbewerbsfähig sind – und zugleich deutlich mehr als heute zum Schutz von Klima und Biodiversität sowie zum Tierwohl beitragen können. Zudem skizziert und quantifiziert die Studie das Potenzial der Sektoren zu Deutschlands Klimaneutralitätsziel 2045 sowie zu Ernährungssicherheit und einer nachhaltigen Bioökonomie beizutragen.</p>
<p><em><strong>Leiten Sie diese Einladung gerne weiter.</strong></em></p>

<p>Der Thinktank Agora Agrar lädt zum Webinar: Präsentation der Studie „Die Zukunft von Landnutzung und Ernährung in Deutschland“ ein. 14. Januar 2026 | 14:00–15:30 Uhr | Webinar Anmeldung: https://agora-thinktanks-org.zoom.us/webinar/register/WN_wcjTTCOiQ7y-hvpgWTaZwQ#/registration Worum es bei der Veranstaltung geht: Welche Politik braucht es, um Wettbewerbsfähigkeit und Nachhaltigkeit in der Land- und Forstwirtschaft besser zu vereinbaren? Der Thinktank Agora Agrar&hellip;</p>
